{"id":2,"date":"2014-09-10T11:42:09","date_gmt":"2014-09-10T11:42:09","guid":{"rendered":"http:\/\/irismedia.se\/sjofartsmuseet\/?page_id=2"},"modified":"2020-11-25T15:23:56","modified_gmt":"2020-11-25T14:23:56","slug":"exempelsida","status":"publish","type":"page","link":"https:\/\/irismedia.se\/sjofartsmuseet\/","title":{"rendered":"V\u00e4lkommen till Roslagens Sj\u00f6fartsmuseum"},"content":{"rendered":"<p><img decoding=\"async\" loading=\"lazy\" class=\"alignnone size-full wp-image-9\" src=\"http:\/\/irismedia.se\/sjofartsmuseet\/wp-content\/uploads\/sites\/32\/2014\/09\/Rospiggen2014-barken.jpg\" alt=\"Rospiggen2014-barken\" width=\"1280\" height=\"805\" srcset=\"https:\/\/irismedia.se\/sjofartsmuseet\/wp-content\/uploads\/sites\/32\/2014\/09\/Rospiggen2014-barken.jpg 1280w, https:\/\/irismedia.se\/sjofartsmuseet\/wp-content\/uploads\/sites\/32\/2014\/09\/Rospiggen2014-barken-300x188.jpg 300w, https:\/\/irismedia.se\/sjofartsmuseet\/wp-content\/uploads\/sites\/32\/2014\/09\/Rospiggen2014-barken-1024x644.jpg 1024w, https:\/\/irismedia.se\/sjofartsmuseet\/wp-content\/uploads\/sites\/32\/2014\/09\/Rospiggen2014-barken-477x300.jpg 477w\" sizes=\"(max-width: 1280px) 100vw, 1280px\" \/><br \/>\n<img decoding=\"async\" loading=\"lazy\" class=\"alignright wp-image-7 size-medium\" src=\"http:\/\/irismedia.se\/sjofartsmuseet\/wp-content\/uploads\/sites\/32\/2014\/09\/Acke-Ny-illustrerad-Tidning-1889-001-300x240.jpg\" alt=\"Acke-Ny-illustrerad-Tidning-1889-001\" width=\"300\" height=\"240\" srcset=\"https:\/\/irismedia.se\/sjofartsmuseet\/wp-content\/uploads\/sites\/32\/2014\/09\/Acke-Ny-illustrerad-Tidning-1889-001-300x240.jpg 300w, https:\/\/irismedia.se\/sjofartsmuseet\/wp-content\/uploads\/sites\/32\/2014\/09\/Acke-Ny-illustrerad-Tidning-1889-001-375x300.jpg 375w, https:\/\/irismedia.se\/sjofartsmuseet\/wp-content\/uploads\/sites\/32\/2014\/09\/Acke-Ny-illustrerad-Tidning-1889-001.jpg 460w\" sizes=\"(max-width: 300px) 100vw, 300px\" \/><img decoding=\"async\" loading=\"lazy\" class=\"alignright wp-image-8 size-medium\" src=\"http:\/\/irismedia.se\/sjofartsmuseet\/wp-content\/uploads\/sites\/32\/2014\/09\/Slup-som-Elvira-300x257.jpg\" alt=\"Slup-som-Elvira\" width=\"300\" height=\"257\" srcset=\"https:\/\/irismedia.se\/sjofartsmuseet\/wp-content\/uploads\/sites\/32\/2014\/09\/Slup-som-Elvira-300x257.jpg 300w, https:\/\/irismedia.se\/sjofartsmuseet\/wp-content\/uploads\/sites\/32\/2014\/09\/Slup-som-Elvira-349x300.jpg 349w, https:\/\/irismedia.se\/sjofartsmuseet\/wp-content\/uploads\/sites\/32\/2014\/09\/Slup-som-Elvira.jpg 460w\" sizes=\"(max-width: 300px) 100vw, 300px\" \/><br \/>\n<strong>Rospiggarna var erk\u00e4nt skickliga sj\u00f6m\u00e4n.<\/strong> Roslagens segelsj\u00f6fart n\u00e5dde sin kulmen vid f\u00f6rra sekelskiftet som f\u00f6ljd av industrialismen.<\/p>\n<p>De stora fartygen fr\u00e5n Roslagen transporterade tr\u00e4varor (the timber trade) fr\u00e5n hamnarna p\u00e5 norrlandskusten. Som returlast fr\u00e5n England och Tyskland hade fartygen kol, porslinslera och salt.<\/p>\n<p>Lyssna p\u00e5 ljudguiderna och uppt\u00e4ck 1800-talets stora sj\u00f6fartsbygd och\u00a0det dramatiska arbetet till havs d\u00e5 segelsj\u00f6farten gav Roslagen en storhetstid.<\/p>\n<p><em><strong>Klicka p\u00e5 filerna f\u00f6r att lyssna.<\/strong><\/em><\/p>\n<table border=\"0\" width=\"600\">\n<tbody>\n<tr>\n<td>\n<h1><strong>BER\u00c4TTELSER<\/strong><\/h1>\n<\/td>\n<td>\n<h1><strong>\u00a0BER\u00c4TTELSER OCH SYNTOLKNING<\/strong><\/h1>\n<\/td>\n<\/tr>\n<tr>\n<td>\n<h4>V\u00e4lkommen<\/h4>\n<p><!--[if lt IE 9]><script>document.createElement('audio');<\/script><![endif]-->\n<audio class=\"wp-audio-shortcode\" id=\"audio-2-1\" preload=\"none\" style=\"width: 100%;\" controls=\"controls\"><source type=\"audio\/mpeg\" src=\"http:\/\/irismedia.se\/sjofartsmuseet-ljudguider\/wp-content\/uploads\/sites\/31\/2014\/09\/02-Intro.mp3?_=1\" \/><a href=\"http:\/\/irismedia.se\/sjofartsmuseet-ljudguider\/wp-content\/uploads\/sites\/31\/2014\/09\/02-Intro.mp3\">http:\/\/irismedia.se\/sjofartsmuseet-ljudguider\/wp-content\/uploads\/sites\/31\/2014\/09\/02-Intro.mp3<\/a><\/audio><\/td>\n<td>\n<h4>V\u00e4lkommen<\/h4>\n<p><audio class=\"wp-audio-shortcode\" id=\"audio-2-2\" preload=\"none\" style=\"width: 100%;\" controls=\"controls\"><source type=\"audio\/mpeg\" src=\"http:\/\/irismedia.se\/sjofartsmuseet-ljudguider\/wp-content\/uploads\/sites\/31\/2014\/09\/01-V\u00e4lkommen.mp3?_=2\" \/><a href=\"http:\/\/irismedia.se\/sjofartsmuseet-ljudguider\/wp-content\/uploads\/sites\/31\/2014\/09\/01-V\u00e4lkommen.mp3\">http:\/\/irismedia.se\/sjofartsmuseet-ljudguider\/wp-content\/uploads\/sites\/31\/2014\/09\/01-V\u00e4lkommen.mp3<\/a><\/audio><\/td>\n<\/tr>\n<tr>\n<td>\n<h4>Skepparbostaden<\/h4>\n<p><audio class=\"wp-audio-shortcode\" id=\"audio-2-3\" preload=\"none\" style=\"width: 100%;\" controls=\"controls\"><source type=\"audio\/mpeg\" src=\"http:\/\/irismedia.se\/sjofartsmuseet-ljudguider\/wp-content\/uploads\/sites\/31\/2014\/09\/05-Skepparbostaden.mp3?_=3\" \/><a href=\"http:\/\/irismedia.se\/sjofartsmuseet-ljudguider\/wp-content\/uploads\/sites\/31\/2014\/09\/05-Skepparbostaden.mp3\">http:\/\/irismedia.se\/sjofartsmuseet-ljudguider\/wp-content\/uploads\/sites\/31\/2014\/09\/05-Skepparbostaden.mp3<\/a><\/audio><\/td>\n<td>\n<h4>Introduktion<\/h4>\n<p><audio class=\"wp-audio-shortcode\" id=\"audio-2-4\" preload=\"none\" style=\"width: 100%;\" controls=\"controls\"><source type=\"audio\/mpeg\" src=\"http:\/\/irismedia.se\/sjofartsmuseet-ljudguider\/wp-content\/uploads\/sites\/31\/2014\/09\/02-Intro1.mp3?_=4\" \/><a href=\"http:\/\/irismedia.se\/sjofartsmuseet-ljudguider\/wp-content\/uploads\/sites\/31\/2014\/09\/02-Intro1.mp3\">http:\/\/irismedia.se\/sjofartsmuseet-ljudguider\/wp-content\/uploads\/sites\/31\/2014\/09\/02-Intro1.mp3<\/a><\/audio><\/td>\n<\/tr>\n<tr>\n<td>\n<h4>V\u00e4dd\u00f6 kanal<\/h4>\n<p><audio class=\"wp-audio-shortcode\" id=\"audio-2-5\" preload=\"none\" style=\"width: 100%;\" controls=\"controls\"><source type=\"audio\/mpeg\" src=\"http:\/\/irismedia.se\/sjofartsmuseet-ljudguider\/wp-content\/uploads\/sites\/31\/2014\/09\/08-Vaddo-kanal.mp3?_=5\" \/><a href=\"http:\/\/irismedia.se\/sjofartsmuseet-ljudguider\/wp-content\/uploads\/sites\/31\/2014\/09\/08-Vaddo-kanal.mp3\">http:\/\/irismedia.se\/sjofartsmuseet-ljudguider\/wp-content\/uploads\/sites\/31\/2014\/09\/08-Vaddo-kanal.mp3<\/a><\/audio><\/td>\n<td>\n<h4>Syntolkning av Skepparg\u00e5rden<\/h4>\n<p><audio class=\"wp-audio-shortcode\" id=\"audio-2-6\" preload=\"none\" style=\"width: 100%;\" controls=\"controls\"><source type=\"audio\/mpeg\" src=\"http:\/\/irismedia.se\/sjofartsmuseet-ljudguider\/wp-content\/uploads\/sites\/31\/2014\/09\/03-Syntolkning-av-Skepparg\u00e5rden.mp3?_=6\" \/><a href=\"http:\/\/irismedia.se\/sjofartsmuseet-ljudguider\/wp-content\/uploads\/sites\/31\/2014\/09\/03-Syntolkning-av-Skepparg\u00e5rden.mp3\">http:\/\/irismedia.se\/sjofartsmuseet-ljudguider\/wp-content\/uploads\/sites\/31\/2014\/09\/03-Syntolkning-av-Skepparg\u00e5rden.mp3<\/a><\/audio><\/td>\n<\/tr>\n<tr>\n<td><\/td>\n<td>\n<h4>V\u00e4gbeskrivning till Skepparbostaden<\/h4>\n<p><audio class=\"wp-audio-shortcode\" id=\"audio-2-7\" preload=\"none\" style=\"width: 100%;\" controls=\"controls\"><source type=\"audio\/mpeg\" src=\"http:\/\/irismedia.se\/sjofartsmuseet-ljudguider\/wp-content\/uploads\/sites\/31\/2014\/09\/04-V\u00e4gbeskrivning-till-Skepparbostaden.mp3?_=7\" \/><a href=\"http:\/\/irismedia.se\/sjofartsmuseet-ljudguider\/wp-content\/uploads\/sites\/31\/2014\/09\/04-V\u00e4gbeskrivning-till-Skepparbostaden.mp3\">http:\/\/irismedia.se\/sjofartsmuseet-ljudguider\/wp-content\/uploads\/sites\/31\/2014\/09\/04-V\u00e4gbeskrivning-till-Skepparbostaden.mp3<\/a><\/audio><\/td>\n<\/tr>\n<tr>\n<td><\/td>\n<td>\n<h4>Skepparbostaden<\/h4>\n<p><audio class=\"wp-audio-shortcode\" id=\"audio-2-8\" preload=\"none\" style=\"width: 100%;\" controls=\"controls\"><source type=\"audio\/mpeg\" src=\"http:\/\/irismedia.se\/sjofartsmuseet-ljudguider\/wp-content\/uploads\/sites\/31\/2014\/09\/05-Skepparbostaden1.mp3?_=8\" \/><a href=\"http:\/\/irismedia.se\/sjofartsmuseet-ljudguider\/wp-content\/uploads\/sites\/31\/2014\/09\/05-Skepparbostaden1.mp3\">http:\/\/irismedia.se\/sjofartsmuseet-ljudguider\/wp-content\/uploads\/sites\/31\/2014\/09\/05-Skepparbostaden1.mp3<\/a><\/audio><\/td>\n<\/tr>\n<tr>\n<td><\/td>\n<td>\n<h4>Syntolkning av Skepparbostaden<\/h4>\n<p><audio class=\"wp-audio-shortcode\" id=\"audio-2-9\" preload=\"none\" style=\"width: 100%;\" controls=\"controls\"><source type=\"audio\/mpeg\" src=\"http:\/\/irismedia.se\/sjofartsmuseet-ljudguider\/wp-content\/uploads\/sites\/31\/2014\/09\/06-Syntolkning-av-Skepparbostaden.mp3?_=9\" \/><a href=\"http:\/\/irismedia.se\/sjofartsmuseet-ljudguider\/wp-content\/uploads\/sites\/31\/2014\/09\/06-Syntolkning-av-Skepparbostaden.mp3\">http:\/\/irismedia.se\/sjofartsmuseet-ljudguider\/wp-content\/uploads\/sites\/31\/2014\/09\/06-Syntolkning-av-Skepparbostaden.mp3<\/a><\/audio><\/td>\n<\/tr>\n<tr>\n<td><\/td>\n<td>\n<h4>V\u00e4gbeskrivning till V\u00e4dd\u00f6 kanal<\/h4>\n<p><audio class=\"wp-audio-shortcode\" id=\"audio-2-10\" preload=\"none\" style=\"width: 100%;\" controls=\"controls\"><source type=\"audio\/mpeg\" src=\"http:\/\/irismedia.se\/sjofartsmuseet-ljudguider\/wp-content\/uploads\/sites\/31\/2014\/09\/07-V\u00e4gbeskrivning-till-V\u00e4dd\u00f6-kanal.mp3?_=10\" \/><a href=\"http:\/\/irismedia.se\/sjofartsmuseet-ljudguider\/wp-content\/uploads\/sites\/31\/2014\/09\/07-V\u00e4gbeskrivning-till-V\u00e4dd\u00f6-kanal.mp3\">http:\/\/irismedia.se\/sjofartsmuseet-ljudguider\/wp-content\/uploads\/sites\/31\/2014\/09\/07-V\u00e4gbeskrivning-till-V\u00e4dd\u00f6-kanal.mp3<\/a><\/audio><\/td>\n<\/tr>\n<tr>\n<td><\/td>\n<td>\n<h4>V\u00e4dd\u00f6 kanal<\/h4>\n<p><audio class=\"wp-audio-shortcode\" id=\"audio-2-11\" preload=\"none\" style=\"width: 100%;\" controls=\"controls\"><source type=\"audio\/mpeg\" src=\"http:\/\/irismedia.se\/sjofartsmuseet-ljudguider\/wp-content\/uploads\/sites\/31\/2014\/09\/08-V\u00e4dd\u00f6-kanal.mp3?_=11\" \/><a href=\"http:\/\/irismedia.se\/sjofartsmuseet-ljudguider\/wp-content\/uploads\/sites\/31\/2014\/09\/08-V\u00e4dd\u00f6-kanal.mp3\">http:\/\/irismedia.se\/sjofartsmuseet-ljudguider\/wp-content\/uploads\/sites\/31\/2014\/09\/08-V\u00e4dd\u00f6-kanal.mp3<\/a><\/audio><\/td>\n<\/tr>\n<tr>\n<td><\/td>\n<td>\n<h4>Syntolkning av V\u00e4dd\u00f6 kanal<\/h4>\n<p><audio class=\"wp-audio-shortcode\" id=\"audio-2-12\" preload=\"none\" style=\"width: 100%;\" controls=\"controls\"><source type=\"audio\/mpeg\" src=\"http:\/\/irismedia.se\/sjofartsmuseet-ljudguider\/wp-content\/uploads\/sites\/31\/2014\/09\/09-Syntolkning-av-V\u00e4dd\u00f6-kanal.mp3?_=12\" \/><a href=\"http:\/\/irismedia.se\/sjofartsmuseet-ljudguider\/wp-content\/uploads\/sites\/31\/2014\/09\/09-Syntolkning-av-V\u00e4dd\u00f6-kanal.mp3\">http:\/\/irismedia.se\/sjofartsmuseet-ljudguider\/wp-content\/uploads\/sites\/31\/2014\/09\/09-Syntolkning-av-V\u00e4dd\u00f6-kanal.mp3<\/a><\/audio><\/td>\n<\/tr>\n<tr>\n<td><\/td>\n<td>\n<h4>Avslutning<\/h4>\n<p><audio class=\"wp-audio-shortcode\" id=\"audio-2-13\" preload=\"none\" style=\"width: 100%;\" controls=\"controls\"><source type=\"audio\/mpeg\" src=\"http:\/\/irismedia.se\/sjofartsmuseet-ljudguider\/wp-content\/uploads\/sites\/31\/2014\/09\/10-Avslutning.mp3?_=13\" \/><a href=\"http:\/\/irismedia.se\/sjofartsmuseet-ljudguider\/wp-content\/uploads\/sites\/31\/2014\/09\/10-Avslutning.mp3\">http:\/\/irismedia.se\/sjofartsmuseet-ljudguider\/wp-content\/uploads\/sites\/31\/2014\/09\/10-Avslutning.mp3<\/a><\/audio><\/td>\n<\/tr>\n<\/tbody>\n<\/table>\n","protected":false},"excerpt":{"rendered":"<p>Rospiggarna var erk\u00e4nt skickliga sj\u00f6m\u00e4n. Roslagens segelsj\u00f6fart n\u00e5dde sin kulmen vid f\u00f6rra sekelskiftet som f\u00f6ljd av industrialismen. De stora fartygen fr\u00e5n Roslagen transporterade tr\u00e4varor (the timber trade) fr\u00e5n hamnarna p\u00e5 norrlandskusten. Som returlast fr\u00e5n England och Tyskland hade fartygen kol, &hellip; <a href=\"https:\/\/irismedia.se\/sjofartsmuseet\/\">L\u00e4s mer <span class=\"meta-nav\">&rarr;<\/span><\/a><\/p>\n","protected":false},"author":3,"featured_media":0,"parent":0,"menu_order":0,"comment_status":"closed","ping_status":"open","template":"sidebar-page.php","meta":[],"_links":{"self":[{"href":"https:\/\/irismedia.se\/sjofartsmuseet\/wp-json\/wp\/v2\/pages\/2"}],"collection":[{"href":"https:\/\/irismedia.se\/sjofartsmuseet\/wp-json\/wp\/v2\/pages"}],"about":[{"href":"https:\/\/irismedia.se\/sjofartsmuseet\/wp-json\/wp\/v2\/types\/page"}],"author":[{"embeddable":true,"href":"https:\/\/irismedia.se\/sjofartsmuseet\/wp-json\/wp\/v2\/users\/3"}],"replies":[{"embeddable":true,"href":"https:\/\/irismedia.se\/sjofartsmuseet\/wp-json\/wp\/v2\/comments?post=2"}],"version-history":[{"count":11,"href":"https:\/\/irismedia.se\/sjofartsmuseet\/wp-json\/wp\/v2\/pages\/2\/revisions"}],"predecessor-version":[{"id":28,"href":"https:\/\/irismedia.se\/sjofartsmuseet\/wp-json\/wp\/v2\/pages\/2\/revisions\/28"}],"wp:attachment":[{"href":"https:\/\/irismedia.se\/sjofartsmuseet\/wp-json\/wp\/v2\/media?parent=2"}],"curies":[{"name":"wp","href":"https:\/\/api.w.org\/{rel}","templated":true}]}}